{"id":116,"date":"2022-12-12T17:44:50","date_gmt":"2022-12-12T16:44:50","guid":{"rendered":"https:\/\/www.msfk.nu\/?page_id=116"},"modified":"2022-12-18T21:13:11","modified_gmt":"2022-12-18T20:13:11","slug":"skanskagyrokopter-klubben","status":"publish","type":"page","link":"https:\/\/www.msfk.nu\/?page_id=116","title":{"rendered":"Sk\u00e5nskagyrokopter klubben"},"content":{"rendered":"\n<figure class=\"wp-block-image size-full\"><img loading=\"lazy\" decoding=\"async\" width=\"640\" height=\"480\" src=\"https:\/\/www.msfk.nu\/wp-content\/uploads\/2022\/12\/1218698872_resized-gyro.jpg\" alt=\"\" class=\"wp-image-161\" srcset=\"https:\/\/www.msfk.nu\/wp-content\/uploads\/2022\/12\/1218698872_resized-gyro.jpg 640w, https:\/\/www.msfk.nu\/wp-content\/uploads\/2022\/12\/1218698872_resized-gyro-300x225.jpg 300w\" sizes=\"auto, (max-width: 640px) 100vw, 640px\" \/><\/figure>\n\n\n\n<h1 class=\"wp-block-heading\" id=\"ContentStart\"><\/h1>\n\n\n\n<h4 class=\"wp-block-heading\">R\u00e4ddaren i n\u00f6den n\u00e4r segelflygarnas vindar sover.<\/h4>\n\n\n\n<p>Segelflyg \u00e4r en underbar sport och underh\u00e5llande i m\u00e5nga former. Men vissa dagar vill vindarna inte alls som piloterna, och de flesta plan blir strandade p\u00e5 marken. Det \u00e4r d\u00e5 intresset f\u00f6r diverse typer av flygfarkoster med motorer v\u00e4cks, och Motorseglarna&nbsp;kommer fram tillsammans med v\u00e5r <a href=\"http:\/\/www.gyroflyg.se\">grannklubbs Gyrokopter<\/a>!<\/p>\n\n\n\n<h4 class=\"wp-block-heading\">Som en Motorcykel fast i luften!<\/h4>\n\n\n\n<p>Att flyga gyrokopter \u00e4r en sp\u00e4nnande upplevelse f\u00f6r dig som gillar sp\u00e4nning i tillvaron. Som att k\u00f6ra motorcykel &#8211; fast i luften. Det \u00e4r ingen helikopter och det \u00e4r inget flygplan, utan en korsning av alla bra egenskaper.<\/p>\n\n\n\n<figure class=\"wp-block-image size-full\"><img loading=\"lazy\" decoding=\"async\" width=\"356\" height=\"267\" src=\"https:\/\/www.msfk.nu\/wp-content\/uploads\/2022\/12\/msfk_vni_2009.jpg\" alt=\"\" class=\"wp-image-164\" srcset=\"https:\/\/www.msfk.nu\/wp-content\/uploads\/2022\/12\/msfk_vni_2009.jpg 356w, https:\/\/www.msfk.nu\/wp-content\/uploads\/2022\/12\/msfk_vni_2009-300x225.jpg 300w\" sizes=\"auto, (max-width: 356px) 100vw, 356px\" \/><\/figure>\n\n\n\n<h4 class=\"wp-block-heading\">0-160 km\/h<\/h4>\n\n\n\n<p>Vanliga segelflygplan flyger mellan 80 och 200 km\/h. Gyrokoptern kan flyga v\u00e4ldigt l\u00e5ngsamt utan att tappa h\u00f6jd och g\u00f6r det l\u00e4ttare att lokalisera och fotografera. Startstr\u00e4ckan \u00e4r mellan 10 och 150 meter, stoppstr\u00e4ckan \u00e4r 0-10 meter.<\/p>\n\n\n\n<p>Hemsida: <a href=\"http:\/\/www.gyroflyg.se\">http:\/\/www.gyroflyg.se<\/a><\/p>\n","protected":false},"excerpt":{"rendered":"<p>R\u00e4ddaren i n\u00f6den n\u00e4r segelflygarnas vindar sover. Segelflyg \u00e4r en underbar sport och underh\u00e5llande i m\u00e5nga former. Men vissa dagar vill vindarna inte alls som piloterna, och de flesta plan blir strandade p\u00e5 marken. Det \u00e4r d\u00e5 intresset f\u00f6r diverse typer av flygfarkoster med motorer v\u00e4cks, och Motorseglarna&nbsp;kommer fram tillsammans med v\u00e5r grannklubbs Gyrokopter! Som&#8230;<\/p>\n","protected":false},"author":3,"featured_media":0,"parent":0,"menu_order":0,"comment_status":"closed","ping_status":"closed","template":"","meta":{"_kad_post_transparent":"","_kad_post_title":"","_kad_post_layout":"","_kad_post_sidebar_id":"","_kad_post_content_style":"","_kad_post_vertical_padding":"","_kad_post_feature":"","_kad_post_feature_position":"","_kad_post_header":false,"_kad_post_footer":false,"footnotes":""},"class_list":["post-116","page","type-page","status-publish","hentry"],"_links":{"self":[{"href":"https:\/\/www.msfk.nu\/index.php?rest_route=\/wp\/v2\/pages\/116","targetHints":{"allow":["GET"]}}],"collection":[{"href":"https:\/\/www.msfk.nu\/index.php?rest_route=\/wp\/v2\/pages"}],"about":[{"href":"https:\/\/www.msfk.nu\/index.php?rest_route=\/wp\/v2\/types\/page"}],"author":[{"embeddable":true,"href":"https:\/\/www.msfk.nu\/index.php?rest_route=\/wp\/v2\/users\/3"}],"replies":[{"embeddable":true,"href":"https:\/\/www.msfk.nu\/index.php?rest_route=%2Fwp%2Fv2%2Fcomments&post=116"}],"version-history":[{"count":2,"href":"https:\/\/www.msfk.nu\/index.php?rest_route=\/wp\/v2\/pages\/116\/revisions"}],"predecessor-version":[{"id":166,"href":"https:\/\/www.msfk.nu\/index.php?rest_route=\/wp\/v2\/pages\/116\/revisions\/166"}],"wp:attachment":[{"href":"https:\/\/www.msfk.nu\/index.php?rest_route=%2Fwp%2Fv2%2Fmedia&parent=116"}],"curies":[{"name":"wp","href":"https:\/\/api.w.org\/{rel}","templated":true}]}}