{"id":155,"date":"2022-12-12T21:41:07","date_gmt":"2022-12-12T20:41:07","guid":{"rendered":"https:\/\/www.msfk.nu\/?page_id=155"},"modified":"2024-06-02T21:04:59","modified_gmt":"2024-06-02T20:04:59","slug":"faltet","status":"publish","type":"page","link":"https:\/\/www.msfk.nu\/?page_id=155","title":{"rendered":"F\u00e4ltet"},"content":{"rendered":"\n<h1 class=\"wp-block-heading\">Information f\u00f6r flygande g\u00e4ster:<\/h1>\n\n\n\n<h2 class=\"wp-block-heading\">\u00d6vernattning:<\/h2>\n\n\n\n<p>Det finns m\u00f6jlighet till \u00f6vernattning i Segelflygklubben\/Gyrokopterklubbens \u201cHotell\u201d till ett l\u00e5gt pris, finns 2 rum, ett med dubbels\u00e4ng och ett med 3 separata s\u00e4ngar. Toalett finns i samma byggnad, duschar finns utanf\u00f6r. Sj\u00e4lvhush\u00e5ll g\u00e4ller finns k\u00f6k i klubbhuset, finns d\u00e4remot s\u00e4ngkl\u00e4der att hyra.<\/p>\n\n\n\n<p>\u00c4ventyrscampen har olika alternativ, bla vandrarhem, de har \u00e4ven matservering och frukost. F\u00f6r mer information se deras <a href=\"https:\/\/aventyrscampen.se\/overnattning\/\">sida<\/a>. De har \u00e4ven massa roliga aktiviteter!<\/p>\n\n\n\n<h2 class=\"wp-block-heading\">Flygplats info<\/h2>\n\n\n\n<p>Se flygplatskortet nedan, OBS det g\u00e5r inte att landa mellan segelflygstr\u00e5ket och motorbanan!<\/p>\n\n\n\n<p><\/p>\n\n\n\n<figure class=\"wp-block-image size-large is-resized\"><img loading=\"lazy\" decoding=\"async\" width=\"714\" height=\"1024\" src=\"https:\/\/www.msfk.nu\/wp-content\/uploads\/2024\/06\/Flygplatskort-ESMI-framsida-714x1024.jpg\" alt=\"\" class=\"wp-image-239\" style=\"aspect-ratio:0.697265625;width:442px;height:auto\" srcset=\"https:\/\/www.msfk.nu\/wp-content\/uploads\/2024\/06\/Flygplatskort-ESMI-framsida-714x1024.jpg 714w, https:\/\/www.msfk.nu\/wp-content\/uploads\/2024\/06\/Flygplatskort-ESMI-framsida-209x300.jpg 209w, https:\/\/www.msfk.nu\/wp-content\/uploads\/2024\/06\/Flygplatskort-ESMI-framsida-768x1102.jpg 768w, https:\/\/www.msfk.nu\/wp-content\/uploads\/2024\/06\/Flygplatskort-ESMI-framsida-1071x1536.jpg 1071w, https:\/\/www.msfk.nu\/wp-content\/uploads\/2024\/06\/Flygplatskort-ESMI-framsida-1428x2048.jpg 1428w, https:\/\/www.msfk.nu\/wp-content\/uploads\/2024\/06\/Flygplatskort-ESMI-framsida.jpg 1680w\" sizes=\"auto, (max-width: 714px) 100vw, 714px\" \/><\/figure>\n\n\n\n<figure class=\"wp-block-image size-large is-resized\"><img loading=\"lazy\" decoding=\"async\" width=\"714\" height=\"1024\" src=\"https:\/\/www.msfk.nu\/wp-content\/uploads\/2024\/06\/Flygplatskort-ESMI-baksida-714x1024.jpg\" alt=\"\" class=\"wp-image-240\" style=\"aspect-ratio:0.697265625;width:441px;height:auto\" srcset=\"https:\/\/www.msfk.nu\/wp-content\/uploads\/2024\/06\/Flygplatskort-ESMI-baksida-714x1024.jpg 714w, https:\/\/www.msfk.nu\/wp-content\/uploads\/2024\/06\/Flygplatskort-ESMI-baksida-209x300.jpg 209w, https:\/\/www.msfk.nu\/wp-content\/uploads\/2024\/06\/Flygplatskort-ESMI-baksida-768x1102.jpg 768w, https:\/\/www.msfk.nu\/wp-content\/uploads\/2024\/06\/Flygplatskort-ESMI-baksida-1071x1536.jpg 1071w, https:\/\/www.msfk.nu\/wp-content\/uploads\/2024\/06\/Flygplatskort-ESMI-baksida-1428x2048.jpg 1428w, https:\/\/www.msfk.nu\/wp-content\/uploads\/2024\/06\/Flygplatskort-ESMI-baksida.jpg 1680w\" sizes=\"auto, (max-width: 714px) 100vw, 714px\" \/><\/figure>\n","protected":false},"excerpt":{"rendered":"<p>Information f\u00f6r flygande g\u00e4ster: \u00d6vernattning: Det finns m\u00f6jlighet till \u00f6vernattning i Segelflygklubben\/Gyrokopterklubbens \u201cHotell\u201d till ett l\u00e5gt pris, finns 2 rum, ett med dubbels\u00e4ng och ett med 3 separata s\u00e4ngar. Toalett finns i samma byggnad, duschar finns utanf\u00f6r. Sj\u00e4lvhush\u00e5ll g\u00e4ller finns k\u00f6k i klubbhuset, finns d\u00e4remot s\u00e4ngkl\u00e4der att hyra. \u00c4ventyrscampen har olika alternativ, bla vandrarhem, de&#8230;<\/p>\n","protected":false},"author":3,"featured_media":0,"parent":0,"menu_order":0,"comment_status":"closed","ping_status":"closed","template":"","meta":{"_kad_post_transparent":"","_kad_post_title":"","_kad_post_layout":"","_kad_post_sidebar_id":"","_kad_post_content_style":"","_kad_post_vertical_padding":"","_kad_post_feature":"","_kad_post_feature_position":"","_kad_post_header":false,"_kad_post_footer":false,"footnotes":""},"class_list":["post-155","page","type-page","status-publish","hentry"],"_links":{"self":[{"href":"https:\/\/www.msfk.nu\/index.php?rest_route=\/wp\/v2\/pages\/155","targetHints":{"allow":["GET"]}}],"collection":[{"href":"https:\/\/www.msfk.nu\/index.php?rest_route=\/wp\/v2\/pages"}],"about":[{"href":"https:\/\/www.msfk.nu\/index.php?rest_route=\/wp\/v2\/types\/page"}],"author":[{"embeddable":true,"href":"https:\/\/www.msfk.nu\/index.php?rest_route=\/wp\/v2\/users\/3"}],"replies":[{"embeddable":true,"href":"https:\/\/www.msfk.nu\/index.php?rest_route=%2Fwp%2Fv2%2Fcomments&post=155"}],"version-history":[{"count":3,"href":"https:\/\/www.msfk.nu\/index.php?rest_route=\/wp\/v2\/pages\/155\/revisions"}],"predecessor-version":[{"id":242,"href":"https:\/\/www.msfk.nu\/index.php?rest_route=\/wp\/v2\/pages\/155\/revisions\/242"}],"wp:attachment":[{"href":"https:\/\/www.msfk.nu\/index.php?rest_route=%2Fwp%2Fv2%2Fmedia&parent=155"}],"curies":[{"name":"wp","href":"https:\/\/api.w.org\/{rel}","templated":true}]}}