{"id":78,"date":"2022-12-11T20:31:29","date_gmt":"2022-12-11T19:31:29","guid":{"rendered":"https:\/\/www.msfk.nu\/?page_id=78"},"modified":"2022-12-12T18:07:55","modified_gmt":"2022-12-12T17:07:55","slug":"flyget-pa-sovde","status":"publish","type":"page","link":"https:\/\/www.msfk.nu\/?page_id=78","title":{"rendered":"F\u00e4ltets historia"},"content":{"rendered":"\n<h1 class=\"wp-block-heading\" id=\"ContentStart\">S\u00f6vdeborgs flygplats historia<\/h1>\n\n\n\n<p>I&nbsp;flygvapnets begynnelseskede anv\u00e4ndes S\u00f6vdeborg som \u00f6vningsf\u00e4lt. Strax f\u00f6re krigsutbrottet, slutet av 1930-talet, blev&nbsp;det krigsflygf\u00e4lt nr 2 i den organisation som skapades n\u00e4r Flygf\u00f6rvaltningen ins\u00e5g att beredskapen m\u00e5ste h\u00f6jas rej\u00e4lt inf\u00f6r det uppkommande krigshotet.&nbsp;Under kriget fanns&nbsp;ett f\u00f6rband ur F10 beredskapsvakt, bev\u00e4pnat med J20, f\u00f6rlagt till f\u00e4ltet. I augusti&nbsp;1944 avlastades detta f\u00f6rband av en division J9 fr\u00e5n F8 d\u00e5 trycket p\u00e5 F10, d\u00e5 f\u00f6rlagt till Bulltofta,&nbsp;var mycket starkt med m\u00e5nga fr\u00e4mmande flygf\u00f6retag mot Sk\u00e5ne.&nbsp;S\u00f6vdeborgsf\u00e4ltet f\u00f6rsvarades ocks\u00e5 av tv\u00e5 luftv\u00e4rnstroppar.<\/p>\n\n\n\n<p>Under krigs\u00e5ren och s\u00e4rskilt under 1944 landade h\u00e4r m\u00e5nga allierade bombare som skadats och som d\u00e4rf\u00f6r inte kunde n\u00e5 sina hemmabaser i England. F\u00e4ltet var milit\u00e4rt fram till 1978 d\u00e5 det \u00f6vergick i Sj\u00f6bo Kommuns \u00e4go.<\/p>\n\n\n\n<p><\/p>\n\n\n<div class=\"wp-block-image\">\n<figure class=\"aligncenter size-full\"><img loading=\"lazy\" decoding=\"async\" width=\"610\" height=\"432\" src=\"https:\/\/www.msfk.nu\/wp-content\/uploads\/2022\/12\/bild.png\" alt=\"\" class=\"wp-image-113\" srcset=\"https:\/\/www.msfk.nu\/wp-content\/uploads\/2022\/12\/bild.png 610w, https:\/\/www.msfk.nu\/wp-content\/uploads\/2022\/12\/bild-300x212.png 300w\" sizes=\"auto, (max-width: 610px) 100vw, 610px\" \/><figcaption class=\"wp-element-caption\">SAAB B17 i gryningen p\u00e5 S\u00f6vdeborg<br>Egon Ny<\/figcaption><\/figure><\/div>\n\n\n<p><\/p>\n","protected":false},"excerpt":{"rendered":"<p>S\u00f6vdeborgs flygplats historia I&nbsp;flygvapnets begynnelseskede anv\u00e4ndes S\u00f6vdeborg som \u00f6vningsf\u00e4lt. Strax f\u00f6re krigsutbrottet, slutet av 1930-talet, blev&nbsp;det krigsflygf\u00e4lt nr 2 i den organisation som skapades n\u00e4r Flygf\u00f6rvaltningen ins\u00e5g att beredskapen m\u00e5ste h\u00f6jas rej\u00e4lt inf\u00f6r det uppkommande krigshotet.&nbsp;Under kriget fanns&nbsp;ett f\u00f6rband ur F10 beredskapsvakt, bev\u00e4pnat med J20, f\u00f6rlagt till f\u00e4ltet. I augusti&nbsp;1944 avlastades detta f\u00f6rband av en&#8230;<\/p>\n","protected":false},"author":3,"featured_media":0,"parent":0,"menu_order":0,"comment_status":"closed","ping_status":"closed","template":"","meta":{"_kad_post_transparent":"","_kad_post_title":"","_kad_post_layout":"","_kad_post_sidebar_id":"","_kad_post_content_style":"","_kad_post_vertical_padding":"","_kad_post_feature":"","_kad_post_feature_position":"","_kad_post_header":false,"_kad_post_footer":false,"footnotes":""},"class_list":["post-78","page","type-page","status-publish","hentry"],"_links":{"self":[{"href":"https:\/\/www.msfk.nu\/index.php?rest_route=\/wp\/v2\/pages\/78","targetHints":{"allow":["GET"]}}],"collection":[{"href":"https:\/\/www.msfk.nu\/index.php?rest_route=\/wp\/v2\/pages"}],"about":[{"href":"https:\/\/www.msfk.nu\/index.php?rest_route=\/wp\/v2\/types\/page"}],"author":[{"embeddable":true,"href":"https:\/\/www.msfk.nu\/index.php?rest_route=\/wp\/v2\/users\/3"}],"replies":[{"embeddable":true,"href":"https:\/\/www.msfk.nu\/index.php?rest_route=%2Fwp%2Fv2%2Fcomments&post=78"}],"version-history":[{"count":3,"href":"https:\/\/www.msfk.nu\/index.php?rest_route=\/wp\/v2\/pages\/78\/revisions"}],"predecessor-version":[{"id":134,"href":"https:\/\/www.msfk.nu\/index.php?rest_route=\/wp\/v2\/pages\/78\/revisions\/134"}],"wp:attachment":[{"href":"https:\/\/www.msfk.nu\/index.php?rest_route=%2Fwp%2Fv2%2Fmedia&parent=78"}],"curies":[{"name":"wp","href":"https:\/\/api.w.org\/{rel}","templated":true}]}}

Fältets historia

<h1 class="wp-block-heading" id="ContentStart">Sövdeborgs flygplats historia</h1>



<p>I&nbsp;flygvapnets begynnelseskede användes Sövdeborg som övningsfält. Strax före krigsutbrottet, slutet av 1930-talet, blev&nbsp;det krigsflygfält nr 2 i den organisation som skapades när Flygförvaltningen insåg att beredskapen måste höjas rejält inför det uppkommande krigshotet.&nbsp;Under kriget fanns&nbsp;ett förband ur F10 beredskapsvakt, beväpnat med J20, förlagt till fältet. I augusti&nbsp;1944 avlastades detta förband av en division J9 från F8 då trycket på F10, då förlagt till Bulltofta,&nbsp;var mycket starkt med många främmande flygföretag mot Skåne.&nbsp;Sövdeborgsfältet försvarades också av två luftvärnstroppar.</p>



<p>Under krigsåren och särskilt under 1944 landade här många allierade bombare som skadats och som därför inte kunde nå sina hemmabaser i England. Fältet var militärt fram till 1978 då det övergick i Sjöbo Kommuns ägo.</p>



<p></p>


<div class="wp-block-image">
<figure class="aligncenter size-full"><img loading="lazy" decoding="async" width="610" height="432" src="https://www.msfk.nu/wp-content/uploads/2022/12/bild.png" alt="" class="wp-image-113" srcset="https://www.msfk.nu/wp-content/uploads/2022/12/bild.png 610w, https://www.msfk.nu/wp-content/uploads/2022/12/bild-300x212.png 300w" sizes="auto, (max-width: 610px) 100vw, 610px" /><figcaption class="wp-element-caption">SAAB B17 i gryningen på Sövdeborg<br>Egon Ny</figcaption></figure></div>


<p></p>

<p>Sövdeborgs flygplats historia I&nbsp;flygvapnets begynnelseskede användes Sövdeborg som övningsfält. Strax före krigsutbrottet, slutet av 1930-talet, blev&nbsp;det krigsflygfält nr 2 i den organisation som skapades när Flygförvaltningen insåg att beredskapen måste höjas rejält inför det uppkommande krigshotet.&nbsp;Under kriget fanns&nbsp;ett förband ur F10 beredskapsvakt, beväpnat med J20, förlagt till fältet. I augusti&nbsp;1944 avlastades detta förband av en&#8230;</p>
